7)).
3, 5
Let j(f) = f - 7. List the prime factors of j(10).
3
Let i be (1/(-1))/((-1)/22). Suppose 3*u + 2*u = -p - 100, 2*u + 4*p + i = 0. Let y = -10 - u. List the prime factors of y.
11
Let q(r) = r + 1. Let b = -4 - -3. Let y(d) = -6*d + 2. Let c(p) = b*y(p) - 2*q(p). What are the prime factors of c(4)?
2, 3
Suppose 0 = 2*h - 6*h + 20. Suppose 0 = -5*a + 5*b + 95, 2*a + 2*a - 49 = -h*b. List the prime factors of a.
2
Let z(j) = 51*j + 7. List the prime factors of z(3).
2, 5
Suppose -4 + 235 = 3*x. List the prime factors of x.
7, 11
Let i = 551 - 390. List the prime factors of i.
7, 23
Suppose 10*y - 6*y + 16 = 0. List the prime factors of ((-6)/y)/(6/88).
2, 11
Let m(v) be the first derivative of -v**5/10 - v**4/12 + 2*v - 2. Let x(u) be the first derivative of m(u). What are the prime factors of x(-2)?
2, 3
Let m = 129 - 64. List the prime factors of m.
5, 13
Suppose 34 = -2*q + 154. Suppose k = 3*i - 12, -2*k = -5*k - 2*i + 19. Suppose -k*m + q = m. What are the prime factors of m?
3, 5
Suppose 0 = -g + 2*u - 0 - 2, -4*g + 5*u = 2. What are the prime factors of g?
2
Suppose -4*j + 3*z = 5 - 2, -4*z = 5*j - 35. List the prime factors of j.
3
What are the prime factors of 275/15 + (-2)/(-3)?
19
Suppose 3*o + d - 88 = 0, -3*d - 67 = 5*o - 211. List the prime factors of o.
2, 3, 5
Let w be ((-2)/3)/((-4)/18). Suppose -3*g - i + 2*i + 1 = 0, -5*g + i + 3 = 0. List the prime factors of 8 - (g*-2 + w).
7
Let a(x) = -82*x**3 + 3*x**2 + 4*x + 2. What are the prime factors of a(-1)?
83
Let h be (-2)/(-3) - 26/3. Let q(p) be the first derivative of -p**2 - 12*p + 1. What are the prime factors of q(h)?
2
Suppose -b = -0*b - 5. Suppose 3*c = 4*c - b. What are the prime factors of c?
5
Let f(x) = x**2 + x + 50. Let y be f(0). Suppose -7*d = -2*d - y. What are the prime factors of d?
2, 5
Suppose 15*p - 4*p - 462 = 0. What are the prime factors of p?
2, 3, 7
Suppose 0 = 3*l + 3*i + 15, 2*i + 20 = -2*l - 2*i. What are the prime factors of 33/3 - (1 - l)?
2, 5
Let g = 33 + 3. What are the prime factors of g?
2, 3
Let h = 154 - 107. Suppose -4*j + h = 5*r - 60, 4*r = -4*j + 84. What are the prime factors of r?
23
Suppose 5*r + 878 = 5*t - 582, -r = -2*t + 581. What are the prime factors of t?
17
Suppose x - 15 = -6. Suppose -o - 2*o = -x. What are the prime factors of o?
3
Let k(m) = m**2 + 13*m. What are the prime factors of k(-15)?
2, 3, 5
Suppose 3*u + 4 = -2*l + 5, 4*u = 2*l + 20. Let o(v) = v**3 + 7*v**2 + v + 7. Let f be o(-7). Let y = u + f. What are the prime factors of y?
3
Let a(p) = -p**2 - 4*p - 4. Let g be a(-3). Let t be (-4)/(-1)*-1*g. List the prime factors of (t - 3) + 5*1.
2, 3
Suppose -4*f + 0*f + 304 = 2*y, 2*f - 140 = -4*y. List the prime factors of f.
2, 3, 13
Let n(a) be the third derivative of a**4/24 - a**3/2 + a**2. Let s be n(6). Suppose -5*w + s*w + 8 = 0. What are the prime factors of w?
2
Let p = 11 + -6. Let z be (-172)/p + (-6)/(-15). What are the prime factors of z/(-3) + (-3)/9?
11
Let u(i) = -i**3 - 10*i**2 - 12*i - 14. List the prime factors of u(-10).
2, 53
Suppose 0 = 34*b - 35*b + 165. List the prime factors of b.
3, 5, 11
Let b be 10/2 + 1*-1. Let j(c) = 3*c**3 - 12*c**2 - 20*c - 2. Let l(p) = -p**3 + 4*p**2 + 7*p + 1. Let d(a) = -3*j(a) - 8*l(a). List the prime factors of d(b).
2, 7
Let j = 73 + 77. What are the prime factors of ((-3)/(-2))/(9/j)?
5
What are the prime factors of (-4)/(-18) + (-4654)/(-117)?
2, 5
Suppose -p - 12 = 2*p. What are the prime factors of p/(-16) - 126/(-8)?
2
Suppose -4*y + 5*a + 147 + 230 = 0, 2*y + a = 199. Suppose 5*z - 32 = y. What are the prime factors of z?
2, 13
Suppose d = -5, 3*f + 5*d + 15 = -19. Let g(s) = s**3 + 3*s**2. Let v be g(f). Suppose v = -5*y + 1 + 74. What are the prime factors of y?
3, 5
Let c = -8 - -10. Suppose -3*l + 63 = 5*r, l = -c*l - 12. What are the prime factors of r?
3, 5
Let b(u) = u**3 + 4*u**2 + u + 3. Let r(l) = -l + 9. Let i be r(6). Suppose 3*d + 6 = -i*t, 4*t - d = -t - 16. What are the prime factors of b(t)?
3
Let c = -199 - -324. What are the prime factors of c?
5
Let n = -12 - -21. Suppose -z = b - n, 10 = 5*b + z - 27. Let j = 13 - b. List the prime factors of j.
2, 3
Suppose 0 = -t - 4*w + 47, -136 = -3*t - w + 49. Suppose -3*g = 18 - t. Suppose 3*y + 3*o + 23 = 5*y, -3*o = g. List the prime factors of y.
2
Let g(w) = -w**3 + 3*w**2 + 2*w - 3. Let d be g(3). Suppose p + 3*k + 7 = -0*p, 4*k = -d*p - 11. List the prime factors of (1/(-2))/p*10.
5
Suppose 0 = 4*s - 4*q - 128, 4*q = -5*s - 0*q + 115. What are the prime factors of s?
3
Let y(f) = f**2 + 2 + 0*f**2 - 5*f + 0*f**2. Let t be y(6). Suppose 3*n + t - 35 = 0. What are the prime factors of n?
3
Let w = -3 - -1. List the prime factors of w/(-6)*(5 - -82).
29
Let z be (-1 - (-6)/(-3)) + -1. Let l be z/20 - (-212)/10. Suppose -20 = -y - 4*g, -4*g + l + 11 = 4*y. What are the prime factors of y?
2
Let o(w) = -32*w - 46. What are the prime factors of o(-9)?
2, 11
Let z(p) = p. Let j be z(3). What are the prime factors of (1 - 2)/(j/(-90))?
2, 3, 5
Let z be (14 - 10)*13/(-4). Let s = z + 22. List the prime factors of s.
3
Let m(j) = j - 6. Suppose 5*t - 77 = -32. Let i be m(t). Suppose -4*f - 17 = -i*z - 0, -4*f = -5*z + 31. List the prime factors of z.
7
Let l(j) = j**3 + 2*j**2 + j + 2. Let y be l(-2). Suppose y*o = -3*o + 24. List the prime factors of o.
2
Let x(n) = -2*n + 1. Let t be x(-4). Suppose 0 = -2*q + q + t. Suppose -44 = -4*u - 3*y, 2*u - 2*y - 13 = q. List the prime factors of u.
11
Let b(g) = g**2 - g + 8. Let h be b(0). What are the prime factors of h/52 - 282/(-26)?
11
List the prime factors of (-1 + 3 - 5) + 22.
19
Suppose -3*y - 115 = -o, y + y = 2*o - 246. What are the prime factors of o?
127
Let r(d) = d**3 + 6*d**2 + 5*d + 4. Let k be r(-5). Suppose -k*s = -26 + 10. List the prime factors of s.
2
Let j(m) = -4*m. Suppose 3*x + 12 - 48 = 0. Let t = 8 - x. What are the prime factors of j(t)?
2
Let g(p) = -p**2 - 10*p + 2. Let r = -8 - -13. Suppose 0 = -r*k + k - 32. List the prime factors of g(k).
2, 3
Let a be (-3)/(9/6) + 30. Suppose 4*m + 2*g - 40 = a, 2 = g. What are the prime factors of m?
2
Suppose 5*z - 171 = 199. What are the prime factors of z?
2, 37
Let c(l) = l**3 + 8*l**2 - 3*l - 19. Let n be c(-8). Suppose -5*k + 219 = -16. Suppose -5*h + k = 6*q - 4*q, 5*q = n*h + 65. What are the prime factors of q?
2
Let w(s) = -27*s + 17. What are the prime factors of w(-13)?
2, 23
Suppose 3*a = -16 + 76. Let h(g) = g**2 - 4*g + 1. Let v be h(5). Let m = a - v. List the prime factors of m.
2, 7
Let g = -49 + 26. Suppose -2*z - 123 = -5*z. Let a = g + z. List the prime factors of a.
2, 3
Let z be 1*21 + -7 + 7. Suppose z - 5 = 2*c. What are the prime factors of c?
2
What are the prime factors of (-26)/(-6) + -5 - (-236)/3?
2, 3, 13
Let a = -14 - -44. List the prime factors of a.
2, 3, 5
Suppose 2*i = 0, 8*i = -5*f + 3*i - 95. Let y = 28 + f. What are the prime factors of y?
3
Let n be ((-20)/15)/((-1)/3). Suppose -z + n*z = 12. List the prime factors of z.
2
Let j(w) = w**2 + 5 + 3 + 5*w - 1. What are the prime factors of j(-6)?
13
Suppose -2*n = 4*j - 114, 15 = -6*n + n. Let c = -17 + j. What are the prime factors of c?
13
Let d(l) = l**2 - 2*l + 30. What are the prime factors of d(0)?
2, 3, 5
Let n(j) = -j**2 + j + 3. Suppose -3*t - 3 = -2*g + 1, -2*g = 4*t - 4. What are the prime factors of n(t)?
3
List the prime factors of 4/(-18) - (-173)/9.
19
Suppose -2*g = c - 2*c + 12, -3*c + 1 = g. List the prime factors of c.
2
Let d(t) = 3*t. List the prime factors of d(15).
3, 5
Let t(m) = 3*m**2 - 2*m + 1. Let i be t(1). Let l(c) = 7*c - 3. What are the prime factors of l(i)?
11
Let d(i) = -i**3 + 4*i**2 - i + 5. Let s be d(4). Let p(y) = -3 - s + 5*y + 4. List the prime factors of p(3).
3, 5
Suppose i + 64 = 4*j, 5*j + 5*i - 80 = 4*i. What are the prime factors of j?
2
Let x(h) be the second derivative of -h**5/20 + h**4/12 + h**3 - 2*h**2 + 6*h. List the prime factors of x(-3).
2, 7
Let t(v) = -5*v**3. Let f be t(-1). Suppose -f*a = 5, 3*j - a = -2*a + 110. List the prime factors of j.
37
What are the prime factors of 112/(5*1/5)?
2, 7
Suppose 5*l - 5*t = 0, -24 = l + 2*t + 3*t. What are the prime factors of (-1 + (-1 - -1))*l?
2
Let o(c) = 20*c**2 + 2*c - 5. List the pr